{"id":8,"date":"2023-08-22T21:20:20","date_gmt":"2023-08-23T00:20:20","guid":{"rendered":"http:\/\/smtecidos.com.br\/?page_id=8"},"modified":"2023-08-24T21:50:58","modified_gmt":"2023-08-25T00:50:58","slug":"home","status":"publish","type":"page","link":"http:\/\/smtecidos.com.br\/","title":{"rendered":""},"content":{"rendered":"\n<div class=\"wp-block-cover alignfull is-light wp-duotone-unset-1\" style=\"min-height:378px;aspect-ratio:unset;\"><span aria-hidden=\"true\" class=\"wp-block-cover__background has-background-dim-100 has-background-dim has-background-gradient\" style=\"background:linear-gradient(135deg,rgb(1,1,1) 0%,rgb(107,107,107) 100%)\"><\/span><div class=\"wp-block-cover__inner-container is-layout-flow wp-block-cover-is-layout-flow\">\n<div class=\"inherit-container-width wp-block-group alignwide is-layout-constrained wp-block-group-is-layout-constrained\">\n<div class=\"wp-block-media-text alignwide has-media-on-the-right is-stacked-on-mobile is-vertically-aligned-center\" style=\"grid-template-columns:auto 48%\"><div class=\"wp-block-media-text__content\">\n<h1 class=\"wp-block-heading has-text-align-left has-white-color has-text-color\"><strong>SM Estampas e Tecidos<\/strong><\/h1>\n\n\n\n<p>Conhe\u00e7a nossa Cole\u00e7\u00e3o Ver\u00e3o 2024<\/p>\n\n\n\n<div class=\"wp-block-buttons is-layout-flex wp-block-buttons-is-layout-flex\">\n<div class=\"wp-block-button\"><a class=\"wp-block-button__link wp-element-button\" href=\"#\">Ver\u00e3o 24<\/a><\/div>\n<\/div>\n<\/div><figure class=\"wp-block-media-text__media\"><img loading=\"lazy\" decoding=\"async\" width=\"1024\" height=\"391\" src=\"http:\/\/smtecidos.com.br\/wp-content\/uploads\/2023\/08\/sm-inverso_Prancheta-1-copia-3-1-1024x391.png\" alt=\"\" class=\"wp-image-20 size-full\" srcset=\"http:\/\/smtecidos.com.br\/wp-content\/uploads\/2023\/08\/sm-inverso_Prancheta-1-copia-3-1-1024x391.png 1024w, http:\/\/smtecidos.com.br\/wp-content\/uploads\/2023\/08\/sm-inverso_Prancheta-1-copia-3-1-300x115.png 300w, http:\/\/smtecidos.com.br\/wp-content\/uploads\/2023\/08\/sm-inverso_Prancheta-1-copia-3-1-768x293.png 768w, http:\/\/smtecidos.com.br\/wp-content\/uploads\/2023\/08\/sm-inverso_Prancheta-1-copia-3-1-1536x586.png 1536w, http:\/\/smtecidos.com.br\/wp-content\/uploads\/2023\/08\/sm-inverso_Prancheta-1-copia-3-1-2048x782.png 2048w\" sizes=\"auto, (max-width: 1024px) 100vw, 1024px\" \/><\/figure><\/div>\n<\/div>\n<\/div><\/div>\n\n\n\n<div class=\"wp-block-group alignfull has-ast-global-color-5-background-color has-background is-layout-constrained wp-container-core-group-is-layout-9cedb757 wp-block-group-is-layout-constrained\" style=\"padding-bottom:0px\">\n<div class=\"wp-block-columns are-vertically-aligned-top is-layout-flex wp-container-core-columns-is-layout-00723822 wp-block-columns-is-layout-flex\">\n<div class=\"wp-block-column is-vertically-aligned-top is-layout-flow wp-container-core-column-is-layout-6b73ce23 wp-block-column-is-layout-flow\">\n<figure class=\"wp-block-image size-large has-custom-border wp-duotone-dark-grayscale\"><img decoding=\"async\" src=\"http:\/\/smtecidos.com.br\/wp-content\/themes\/astra\/inc\/assets\/images\/starter-content\/building.svg\" alt=\"\" class=\"wp-image-134\" style=\"border-style:none;border-width:0px\"\/><\/figure>\n\n\n\n<h3 class=\"wp-block-heading has-text-align-left\" style=\"margin-top:16px\">Estampas Personalizadas<\/h3>\n\n\n\n<p class=\"has-text-align-left\">N\u00f3s damos vida ao seu projeto.<\/p>\n<\/div>\n\n\n\n<div class=\"wp-block-column is-vertically-aligned-top is-layout-flow wp-container-core-column-is-layout-6b73ce23 wp-block-column-is-layout-flow\">\n<figure class=\"wp-block-image size-large wp-duotone-dark-grayscale\"><img decoding=\"async\" src=\"http:\/\/smtecidos.com.br\/wp-content\/themes\/astra\/inc\/assets\/images\/starter-content\/shopping-bag.svg\" alt=\"\" class=\"wp-image-135\"\/><\/figure>\n\n\n\n<h3 class=\"wp-block-heading has-text-align-left\" style=\"margin-top:16px\">Produ\u00e7\u00e3o sob demanda<\/h3>\n\n\n\n<p class=\"has-text-align-left\">Compre apenas quanto precisar.<\/p>\n<\/div>\n\n\n\n<div class=\"wp-block-column is-vertically-aligned-top is-layout-flow wp-container-core-column-is-layout-6b73ce23 wp-block-column-is-layout-flow\">\n<figure class=\"wp-block-image size-large wp-duotone-dark-grayscale\"><img decoding=\"async\" src=\"http:\/\/smtecidos.com.br\/wp-content\/themes\/astra\/inc\/assets\/images\/starter-content\/blog.svg\" alt=\"\" class=\"wp-image-136\"\/><\/figure>\n\n\n\n<h3 class=\"wp-block-heading has-text-align-left\" style=\"margin-top:16px\">Cole\u00e7\u00f5es Seguindo as Tend\u00eancias<\/h3>\n\n\n\n<p class=\"has-text-align-left\">Seguimos as tend\u00eancias de mercado.<\/p>\n<\/div>\n\n\n\n<div class=\"wp-block-column is-vertically-aligned-top is-layout-flow wp-container-core-column-is-layout-6b73ce23 wp-block-column-is-layout-flow\">\n<figure class=\"wp-block-image size-large wp-duotone-dark-grayscale\"><img decoding=\"async\" src=\"http:\/\/smtecidos.com.br\/wp-content\/themes\/astra\/inc\/assets\/images\/starter-content\/portfolio.svg\" alt=\"\" class=\"wp-image-137\"\/><\/figure>\n\n\n\n<h3 class=\"wp-block-heading has-text-align-left\" style=\"margin-top:16px\">Envio para todo o Brasil<\/h3>\n\n\n\n<p class=\"has-text-align-left\">Receba seu produto em todo o Brasil<\/p>\n<\/div>\n<\/div>\n<\/div>\n\n\n\n<div class=\"wp-block-group alignfull is-layout-constrained wp-container-core-group-is-layout-45b0ac4f wp-block-group-is-layout-constrained\" id=\"services\" style=\"padding-top:144px;padding-bottom:0px\">\n<h2 class=\"wp-block-heading\"><\/h2>\n\n\n\n<div class=\"wp-block-columns is-layout-flex wp-container-core-columns-is-layout-60cbf9bb wp-block-columns-is-layout-flex\" style=\"margin-top:50px\">\n<div class=\"wp-block-column is-layout-flow wp-container-core-column-is-layout-6b73ce23 wp-block-column-is-layout-flow\">\n<figure class=\"wp-block-image size-large\"><img loading=\"lazy\" decoding=\"async\" width=\"660\" height=\"1024\" src=\"http:\/\/smtecidos.com.br\/wp-content\/uploads\/2023\/08\/banner-vertical_Prancheta-1-copia-2-660x1024.png\" alt=\"\" class=\"wp-image-46\" srcset=\"http:\/\/smtecidos.com.br\/wp-content\/uploads\/2023\/08\/banner-vertical_Prancheta-1-copia-2-660x1024.png 660w, http:\/\/smtecidos.com.br\/wp-content\/uploads\/2023\/08\/banner-vertical_Prancheta-1-copia-2-193x300.png 193w, http:\/\/smtecidos.com.br\/wp-content\/uploads\/2023\/08\/banner-vertical_Prancheta-1-copia-2-768x1192.png 768w, http:\/\/smtecidos.com.br\/wp-content\/uploads\/2023\/08\/banner-vertical_Prancheta-1-copia-2.png 981w\" sizes=\"auto, (max-width: 660px) 100vw, 660px\" \/><\/figure>\n\n\n\n<h3 class=\"wp-block-heading has-text-align-center\" style=\"margin-top:16px\">Organza<\/h3>\n\n\n\n<p><\/p>\n<\/div>\n\n\n\n<div class=\"wp-block-column is-layout-flow wp-container-core-column-is-layout-6b73ce23 wp-block-column-is-layout-flow\">\n<figure class=\"wp-block-image size-large\"><img loading=\"lazy\" decoding=\"async\" width=\"659\" height=\"1024\" src=\"http:\/\/smtecidos.com.br\/wp-content\/uploads\/2023\/08\/banner-vertical_Prancheta-1-copia-659x1024.png\" alt=\"\" class=\"wp-image-47\" srcset=\"http:\/\/smtecidos.com.br\/wp-content\/uploads\/2023\/08\/banner-vertical_Prancheta-1-copia-659x1024.png 659w, http:\/\/smtecidos.com.br\/wp-content\/uploads\/2023\/08\/banner-vertical_Prancheta-1-copia-193x300.png 193w, http:\/\/smtecidos.com.br\/wp-content\/uploads\/2023\/08\/banner-vertical_Prancheta-1-copia-768x1193.png 768w, http:\/\/smtecidos.com.br\/wp-content\/uploads\/2023\/08\/banner-vertical_Prancheta-1-copia.png 980w\" sizes=\"auto, (max-width: 659px) 100vw, 659px\" \/><\/figure>\n\n\n\n<h3 class=\"wp-block-heading has-text-align-center\" style=\"margin-top:16px\">Lycra Luna<\/h3>\n\n\n\n<p><\/p>\n<\/div>\n\n\n\n<div class=\"wp-block-column is-layout-flow wp-container-core-column-is-layout-6b73ce23 wp-block-column-is-layout-flow\">\n<figure class=\"wp-block-image size-large\"><img loading=\"lazy\" decoding=\"async\" width=\"659\" height=\"1024\" src=\"http:\/\/smtecidos.com.br\/wp-content\/uploads\/2023\/08\/banner-vertical_Prancheta-1-659x1024.png\" alt=\"\" class=\"wp-image-49\" srcset=\"http:\/\/smtecidos.com.br\/wp-content\/uploads\/2023\/08\/banner-vertical_Prancheta-1-659x1024.png 659w, http:\/\/smtecidos.com.br\/wp-content\/uploads\/2023\/08\/banner-vertical_Prancheta-1-193x300.png 193w, http:\/\/smtecidos.com.br\/wp-content\/uploads\/2023\/08\/banner-vertical_Prancheta-1-768x1193.png 768w, http:\/\/smtecidos.com.br\/wp-content\/uploads\/2023\/08\/banner-vertical_Prancheta-1.png 980w\" sizes=\"auto, (max-width: 659px) 100vw, 659px\" \/><\/figure>\n\n\n\n<h3 class=\"wp-block-heading has-text-align-center\" style=\"margin-top:16px\">Lona Ibiza<\/h3>\n\n\n\n<p><\/p>\n<\/div>\n<\/div>\n<\/div>\n\n\n\n<div class=\"wp-block-group alignfull has-ast-global-color-5-background-color has-background is-layout-constrained wp-container-core-group-is-layout-94d206d0 wp-block-group-is-layout-constrained\" id=\"about\" style=\"padding-top:143px;padding-bottom:144px\">\n<div class=\"wp-block-media-text has-media-on-the-right is-stacked-on-mobile is-vertically-aligned-center\" style=\"grid-template-columns:auto 44%\"><div class=\"wp-block-media-text__content\">\n<div class=\"inherit-container-width wp-block-group is-layout-constrained wp-container-core-group-is-layout-47ce07ec wp-block-group-is-layout-constrained\" style=\"padding-right:80px\">\n<h2 class=\"wp-block-heading\" style=\"padding-right:40px\">Nosso time de vendas est\u00e1 preparado para te ajudar.<\/h2>\n\n\n\n<p>Estamos aqui para fornecer materiais de qualidade e tornar o seu projeto realidade. Estamos a um clique de dist\u00e2ncia.<\/p>\n<\/div>\n<\/div><figure class=\"wp-block-media-text__media\"><img decoding=\"async\" src=\"http:\/\/smtecidos.com.br\/wp-content\/themes\/astra\/inc\/assets\/images\/starter-content\/about-us.jpg\" alt=\"\" class=\"wp-image-237 size-full\"\/><\/figure><\/div>\n<\/div>\n\n\n\n<div class=\"wp-block-group alignfull has-ast-global-color-4-background-color has-background is-layout-constrained wp-container-core-group-is-layout-6a2cfb7b wp-block-group-is-layout-constrained\" id=\"reviews\">\n<figure class=\"wp-block-image aligncenter size-large is-resized\"><img loading=\"lazy\" decoding=\"async\" src=\"http:\/\/smtecidos.com.br\/wp-content\/uploads\/2023\/08\/sm-inverso-05-1024x1024.png\" alt=\"\" class=\"wp-image-16\" style=\"width:78px;height:78px\" width=\"78\" height=\"78\" srcset=\"http:\/\/smtecidos.com.br\/wp-content\/uploads\/2023\/08\/sm-inverso-05-1024x1024.png 1024w, http:\/\/smtecidos.com.br\/wp-content\/uploads\/2023\/08\/sm-inverso-05-300x300.png 300w, http:\/\/smtecidos.com.br\/wp-content\/uploads\/2023\/08\/sm-inverso-05-150x150.png 150w, http:\/\/smtecidos.com.br\/wp-content\/uploads\/2023\/08\/sm-inverso-05-768x768.png 768w, http:\/\/smtecidos.com.br\/wp-content\/uploads\/2023\/08\/sm-inverso-05-1536x1536.png 1536w, http:\/\/smtecidos.com.br\/wp-content\/uploads\/2023\/08\/sm-inverso-05-2048x2048.png 2048w\" sizes=\"auto, (max-width: 78px) 100vw, 78px\" \/><\/figure>\n\n\n\n<p class=\"has-text-align-center\" style=\"font-size:22px;line-height:1.6\">A SM Estampas e Tecidos existe para servir aos clientes, trazendo extrema qualidade e agilidade na entrega dos nossos produtos. <\/p>\n\n\n\n<p class=\"has-text-align-center\"><strong>S\u00e9rgio Machado<\/strong><\/p>\n<\/div>\n\n\n\n<div class=\"wp-block-group alignfull is-layout-constrained wp-container-core-group-is-layout-3fee123f wp-block-group-is-layout-constrained\" id=\"whyus\" style=\"padding-top:144px;padding-bottom:144px\">\n<h2 class=\"wp-block-heading\">Sobre a SM Tecidos<\/h2>\n\n\n\n<div class=\"wp-block-columns is-layout-flex wp-container-core-columns-is-layout-29aadeec wp-block-columns-is-layout-flex\" style=\"margin-top:60px\">\n<div class=\"wp-block-column is-layout-flow wp-container-core-column-is-layout-6b73ce23 wp-block-column-is-layout-flow\">\n<figure class=\"wp-block-image size-large wp-duotone-grayscale\"><img decoding=\"async\" src=\"http:\/\/smtecidos.com.br\/wp-content\/themes\/astra\/inc\/assets\/images\/starter-content\/passionate.svg\" alt=\"\" class=\"wp-image-162\"\/><\/figure>\n\n\n\n<h3 class=\"wp-block-heading\" style=\"margin-top:16px\">Paix\u00e3o pelo que faz<\/h3>\n\n\n\n<p>Tudo o que fazemos \u00e9 com amor, a satisfa\u00e7\u00e3o do cliente \u00e9 nosso objetivo.<\/p>\n<\/div>\n\n\n\n<div class=\"wp-block-column is-layout-flow wp-container-core-column-is-layout-6b73ce23 wp-block-column-is-layout-flow\">\n<figure class=\"wp-block-image size-large wp-duotone-grayscale\"><img decoding=\"async\" src=\"http:\/\/smtecidos.com.br\/wp-content\/themes\/astra\/inc\/assets\/images\/starter-content\/professional.svg\" alt=\"\" class=\"wp-image-163\"\/><\/figure>\n\n\n\n<h3 class=\"wp-block-heading\" style=\"margin-top:16px\">Profissionalismo<\/h3>\n\n\n\n<p>Cumprimento de prazo e qualidade \u00e9 essencial para qualquer empresa e n\u00f3s levamos isso a s\u00e9rio.<\/p>\n<\/div>\n\n\n\n<div class=\"wp-block-column is-layout-flow wp-container-core-column-is-layout-6b73ce23 wp-block-column-is-layout-flow\">\n<figure class=\"wp-block-image size-large wp-duotone-grayscale\"><img decoding=\"async\" src=\"http:\/\/smtecidos.com.br\/wp-content\/themes\/astra\/inc\/assets\/images\/starter-content\/support.svg\" alt=\"\" class=\"wp-image-164\"\/><\/figure>\n\n\n\n<h3 class=\"wp-block-heading\" style=\"margin-top:16px\">Suporte ao cliente<\/h3>\n\n\n\n<p>Est\u00e1 com alguma d\u00favida ou problema? Estamos aqui para te ajudar.<\/p>\n<\/div>\n<\/div>\n<\/div>\n\n\n\n<div class=\"wp-block-group alignfull has-ast-global-color-2-background-color has-background is-layout-constrained wp-container-core-group-is-layout-cfcca693 wp-block-group-is-layout-constrained\" id=\"contact\" style=\"padding-top:104px;padding-bottom:104px\">\n<h2 class=\"wp-block-heading has-text-align-center has-text-color\" style=\"color:#ffffff\">Entre em contato!<\/h2>\n\n\n\n<div class=\"wp-block-buttons alignwide is-horizontal is-content-justification-center is-layout-flex wp-container-core-buttons-is-layout-bba8380a wp-block-buttons-is-layout-flex\" style=\"margin-top:50px\">\n<div class=\"wp-block-button\"><a class=\"wp-block-button__link has-ast-global-color-5-background-color has-background wp-element-button\">Mensagem<\/a><\/div>\n<\/div>\n<\/div>\n","protected":false},"excerpt":{"rendered":"<p>Estampas Personalizadas N\u00f3s damos vida ao seu projeto. Produ\u00e7\u00e3o sob demanda Compre apenas quanto precisar. Cole\u00e7\u00f5es Seguindo as Tend\u00eancias Seguimos as tend\u00eancias de mercado. Envio para todo o Brasil Receba seu produto em todo o Brasil Organza Lycra Luna Lona Ibiza Nosso time de vendas est\u00e1 preparado para te ajudar. Estamos aqui para fornecer materiais &hellip;<\/p>\n<p class=\"read-more\"> <a class=\"\" href=\"http:\/\/smtecidos.com.br\/\">  Read More &raquo;<\/a><\/p>\n","protected":false},"author":1,"featured_media":0,"parent":0,"menu_order":0,"comment_status":"closed","ping_status":"closed","template":"","meta":{"site-sidebar-layout":"no-sidebar","site-content-layout":"plain-container","ast-site-content-layout":"","site-content-style":"default","site-sidebar-style":"default","ast-global-header-display":"","ast-banner-title-visibility":"","ast-main-header-display":"","ast-hfb-above-header-display":"","ast-hfb-below-header-display":"","ast-hfb-mobile-header-display":"","site-post-title":"disabled","ast-breadcrumbs-content":"","ast-featured-img":"","footer-sml-layout":"","theme-transparent-header-meta":"enabled","adv-header-id-meta":"","stick-header-meta":"","header-above-stick-meta":"","header-main-stick-meta":"","header-below-stick-meta":"","astra-migrate-meta-layouts":"","footnotes":""},"class_list":["post-8","page","type-page","status-publish","hentry"],"_links":{"self":[{"href":"http:\/\/smtecidos.com.br\/index.php?rest_route=\/wp\/v2\/pages\/8","targetHints":{"allow":["GET"]}}],"collection":[{"href":"http:\/\/smtecidos.com.br\/index.php?rest_route=\/wp\/v2\/pages"}],"about":[{"href":"http:\/\/smtecidos.com.br\/index.php?rest_route=\/wp\/v2\/types\/page"}],"author":[{"embeddable":true,"href":"http:\/\/smtecidos.com.br\/index.php?rest_route=\/wp\/v2\/users\/1"}],"replies":[{"embeddable":true,"href":"http:\/\/smtecidos.com.br\/index.php?rest_route=%2Fwp%2Fv2%2Fcomments&post=8"}],"version-history":[{"count":9,"href":"http:\/\/smtecidos.com.br\/index.php?rest_route=\/wp\/v2\/pages\/8\/revisions"}],"predecessor-version":[{"id":51,"href":"http:\/\/smtecidos.com.br\/index.php?rest_route=\/wp\/v2\/pages\/8\/revisions\/51"}],"wp:attachment":[{"href":"http:\/\/smtecidos.com.br\/index.php?rest_route=%2Fwp%2Fv2%2Fmedia&parent=8"}],"curies":[{"name":"wp","href":"https:\/\/api.w.org\/{rel}","templated":true}]}}